{"id":243,"date":"2021-09-16T14:38:28","date_gmt":"2021-09-16T14:38:28","guid":{"rendered":"https:\/\/geeks.madrasthemes.com\/?page_id=243"},"modified":"2022-04-01T00:25:35","modified_gmt":"2022-04-01T00:25:35","slug":"registro","status":"publish","type":"page","link":"https:\/\/quikbio.com\/2\/registro\/","title":{"rendered":"Registro"},"content":{"rendered":"\t\t<div data-elementor-type=\"wp-page\" data-elementor-id=\"243\" class=\"elementor elementor-243\">\n\t\t\t\t\t\t<section class=\"elementor-section elementor-top-section elementor-element elementor-element-6f0acf55 bg-white py-10 elementor-section-boxed elementor-section-height-default elementor-section-height-default\" data-id=\"6f0acf55\" data-element_type=\"section\" data-e-type=\"section\">\n\t\t\t\t\t\t<div class=\"elementor-container elementor-column-gap-default justify-content-center row\">\n\t\t\t\t\t<div class=\"elementor-column elementor-col-100 elementor-top-column elementor-element elementor-element-2d16f723 col-lg-8 col-md-12 col-12\" data-id=\"2d16f723\" data-element_type=\"column\" data-e-type=\"column\">\n\t\t\t<div class=\"text-center p-0 elementor-widget-wrap elementor-element-populated\">\n\t\t\t\t\t\t<div class=\"elementor-element elementor-element-b57982a elementor-widget elementor-widget-highlighted-heading\" data-id=\"b57982a\" data-element_type=\"widget\" data-e-type=\"widget\" data-widget_type=\"highlighted-heading.default\">\n\t\t\t\t<div class=\"elementor-widget-container\">\n\t\t\t\t\t<h2 class=\"geeks-elementor-highlighted-heading__title display-3 fw-bold\">Registro de Cambios<\/h2>\t\t\t\t<\/div>\n\t\t\t\t<\/div>\n\t\t\t\t<div class=\"elementor-element elementor-element-a968e9c elementor-widget elementor-widget-highlighted-heading\" data-id=\"a968e9c\" data-element_type=\"widget\" data-e-type=\"widget\" data-widget_type=\"highlighted-heading.default\">\n\t\t\t\t<div class=\"elementor-widget-container\">\n\t\t\t\t\t<p class=\"geeks-elementor-highlighted-heading__title lead px-8\">Lea nuestros registros de cambio para obtener m\u00e1s informaci\u00f3n sobre nuestras mejoras. <\/p>\t\t\t\t<\/div>\n\t\t\t\t<\/div>\n\t\t\t\t\t<\/div>\n\t\t<\/div>\n\t\t\t\t\t<\/div>\n\t\t<\/section>\n\t\t\t\t<section class=\"elementor-section elementor-top-section elementor-element elementor-element-d536c2 bg-white pb-10 elementor-section-boxed elementor-section-height-default elementor-section-height-default\" data-id=\"d536c2\" data-element_type=\"section\" data-e-type=\"section\">\n\t\t\t\t\t\t<div class=\"elementor-container elementor-column-gap-default row justify-content-center\">\n\t\t\t\t\t<div class=\"elementor-column elementor-col-100 elementor-top-column elementor-element elementor-element-6aedc0d0 col-lg-8 col-md-12 col-12\" data-id=\"6aedc0d0\" data-element_type=\"column\" data-e-type=\"column\">\n\t\t\t<div class=\"p-0 elementor-widget-wrap elementor-element-populated\">\n\t\t\t\t\t\t<div class=\"elementor-element elementor-element-2be96b20 py-3 mb-5 border-bottom elementor-widget elementor-widget-highlighted-heading\" data-id=\"2be96b20\" data-element_type=\"widget\" data-e-type=\"widget\" data-widget_type=\"highlighted-heading.default\">\n\t\t\t\t<div class=\"elementor-widget-container\">\n\t\t\t\t\t<h3 class=\"geeks-elementor-highlighted-heading__title\"> Ultima Actualizaci\u00f3n:<span class=\"geeks-elementor-highlighted-heading__highlighted-text text-primary\"> Marzo 31 del 2022<\/span><\/h3>\t\t\t\t<\/div>\n\t\t\t\t<\/div>\n\t\t\t\t<div class=\"elementor-element elementor-element-670f5bc1 elementor-widget elementor-widget-highlighted-heading\" data-id=\"670f5bc1\" data-element_type=\"widget\" data-e-type=\"widget\" data-widget_type=\"highlighted-heading.default\">\n\t\t\t\t<div class=\"elementor-widget-container\">\n\t\t\t\t\t<p class=\"geeks-elementor-highlighted-heading__title mb-1 fs-4\"><span class=\"geeks-elementor-highlighted-heading__highlighted-text text-dark fw-semi-bold\">Correo:<\/span> info@quikbio.com<\/p>\t\t\t\t<\/div>\n\t\t\t\t<\/div>\n\t\t\t\t<div class=\"elementor-element elementor-element-b63e0f6 mt-5 elementor-widget elementor-widget-highlighted-heading\" data-id=\"b63e0f6\" data-element_type=\"widget\" data-e-type=\"widget\" data-widget_type=\"highlighted-heading.default\">\n\t\t\t\t<div class=\"elementor-widget-container\">\n\t\t\t\t\t<h2 class=\"geeks-elementor-highlighted-heading__title fw-bold\">Marzo 31 del 2022<\/h2>\t\t\t\t<\/div>\n\t\t\t\t<\/div>\n\t\t\t\t<div class=\"elementor-element elementor-element-f6b4d1d fs-4 wc-mb-0-last-child elementor-widget elementor-widget-text-editor\" data-id=\"f6b4d1d\" data-element_type=\"widget\" data-e-type=\"widget\" data-widget_type=\"text-editor.default\">\n\t\t\t\t<div class=\"elementor-widget-container\">\n\t\t\t\t\t\t\t\t\t<ul><li>Se implementaron las p\u00e1ginas de enlaces biogr\u00e1ficos de la funci\u00f3n de duplicaci\u00f3n (excepto el contenido de la imagen).<\/li><li>Se implement\u00f3 la funci\u00f3n de duplicaci\u00f3n de URL acortadas.<\/li><li>Se implement\u00f3 la funci\u00f3n de duplicaci\u00f3n para todos los tipos de bloques de quikbio.<\/li><li>Se reelaboraron por completo las p\u00e1ginas relacionadas con la cuenta para mejorar la apariencia y la coherencia.<\/li><li>Se corrigi\u00f3 el error de cambio de idioma al agregar nuevos bloques.<\/li><li>Funcionalidad de inicio de sesi\u00f3n de Discord implementada.<\/li><li>Formularios mejorados y consistencia de iconos desplegables.<\/li><li>Recopilador de tel\u00e9fono fijo y bloqueos de registro de correo.<\/li><li>Se corrigi\u00f3 el color del borde que no se guardaba correctamente para algunos tipos de bloques.<\/li><li>Se corrigi\u00f3 el problema de generaci\u00f3n de pagos en algunos casos especiales para algunas pasarelas de pago.<\/li><li>M\u00faltiples peque\u00f1as mejoras visuales y correcciones de errores.<\/li><li>Se corrigieron varios problemas nuevos del sistema de traducci\u00f3n.<\/li><li>Peque\u00f1as otras mejoras visuales.<\/li><li>Los emojis en alias de URL ahora est\u00e1n permitidos para URL acortadas y p\u00e1ginas de Quikbio.<\/li><li>Interfaz de usuario mejorada para todas las tablas en dispositivos m\u00f3viles.<\/li><li>Contraste de color mejorado en modo oscuro.<\/li><li>Se corrigi\u00f3 el error de generaci\u00f3n de pago al usar c\u00f3digos de descuento en algunos casos.<\/li><\/ul>\t\t\t\t\t\t\t\t<\/div>\n\t\t\t\t<\/div>\n\t\t\t\t<div class=\"elementor-element elementor-element-23423da mt-5 elementor-widget elementor-widget-highlighted-heading\" data-id=\"23423da\" data-element_type=\"widget\" data-e-type=\"widget\" data-widget_type=\"highlighted-heading.default\">\n\t\t\t\t<div class=\"elementor-widget-container\">\n\t\t\t\t\t<h2 class=\"geeks-elementor-highlighted-heading__title fw-bold\">Febrero 14 del 2022<\/h2>\t\t\t\t<\/div>\n\t\t\t\t<\/div>\n\t\t\t\t<div class=\"elementor-element elementor-element-f327735 fs-4 wc-mb-0-last-child elementor-widget elementor-widget-text-editor\" data-id=\"f327735\" data-element_type=\"widget\" data-e-type=\"widget\" data-widget_type=\"text-editor.default\">\n\t\t\t\t<div class=\"elementor-widget-container\">\n\t\t\t\t\t\t\t\t\t<ul><li>Se corrigi\u00f3 la generaci\u00f3n de plantillas de c\u00f3digo QR de PayPal que no funcionaba.<\/li><li>Se solucion\u00f3 el problema del bloqueo de PayPal con el tipo de donaci\u00f3n.<\/li><li>Se corrigi\u00f3 la descarga del c\u00f3digo QR existente que no funcionaba.<\/li><li>Se corrigi\u00f3 el filtro de Phone Collector fijo, que no funcionaba para la p\u00e1gina de datos.<\/li><li>Se corrigi\u00f3 el error de los campos de creaci\u00f3n de c\u00f3digo QR no habilitados.<\/li><li>Se corrigi\u00f3 el widget de p\u00e1ginas vistas del enlace biogr\u00e1fico del panel que no reflejaba el valor adecuado.<\/li><\/ul>\t\t\t\t\t\t\t\t<\/div>\n\t\t\t\t<\/div>\n\t\t\t\t<div class=\"elementor-element elementor-element-155dd15 mt-5 elementor-widget elementor-widget-highlighted-heading\" data-id=\"155dd15\" data-element_type=\"widget\" data-e-type=\"widget\" data-widget_type=\"highlighted-heading.default\">\n\t\t\t\t<div class=\"elementor-widget-container\">\n\t\t\t\t\t<h2 class=\"geeks-elementor-highlighted-heading__title fw-bold\">Enero 5 del 2022<\/h2>\t\t\t\t<\/div>\n\t\t\t\t<\/div>\n\t\t\t\t<div class=\"elementor-element elementor-element-9915454 fs-4 wc-mb-0-last-child elementor-widget elementor-widget-text-editor\" data-id=\"9915454\" data-element_type=\"widget\" data-e-type=\"widget\" data-widget_type=\"text-editor.default\">\n\t\t\t\t<div class=\"elementor-widget-container\">\n\t\t\t\t\t\t\t\t\t<ul><li>Se corrigieron algunos errores relacionados con el sistema.<\/li><li>Se corrigi\u00f3 el problema de caracteres permitidos de alias de URL de las p\u00e1ginas de enlace de biograf\u00eda.<\/li><li>Se mejor\u00f3 el sistema de almacenamiento en cach\u00e9 de las p\u00e1ginas de Quikbio para evitar ciertos problemas.<\/li><li>Se implement\u00f3 la capacidad de exportar c\u00f3digos QR a PNG, JPG y WEBP.<\/li><li>Se implement\u00f3 el generador de c\u00f3digos QR de PayPal.<\/li><li>Se implement\u00f3 bloque colector de tel\u00e9fono implementado.<\/li><li>Se implement\u00f3 Bloque de pagos de PayPal implementado.<\/li><li>Se corrigi\u00f3 el widget de vistas de p\u00e1gina del enlace de la biograf\u00eda del tablero que no reflejaba el valor adecuado.<\/li><li>Se corrigi\u00f3 el error de campos de creaci\u00f3n de c\u00f3digos QR no habilitados.<\/li><li>Se corrigi\u00f3 que la descarga del c\u00f3digo QR existente no funcionaba.<\/li><\/ul>\t\t\t\t\t\t\t\t<\/div>\n\t\t\t\t<\/div>\n\t\t\t\t<div class=\"elementor-element elementor-element-587e3cc mt-5 elementor-widget elementor-widget-highlighted-heading\" data-id=\"587e3cc\" data-element_type=\"widget\" data-e-type=\"widget\" data-widget_type=\"highlighted-heading.default\">\n\t\t\t\t<div class=\"elementor-widget-container\">\n\t\t\t\t\t<h2 class=\"geeks-elementor-highlighted-heading__title fw-bold\">Inicio: Diciembre 12 del 2021<\/h2>\t\t\t\t<\/div>\n\t\t\t\t<\/div>\n\t\t\t\t<div class=\"elementor-element elementor-element-f7af79a fs-4 wc-mb-0-last-child elementor-widget elementor-widget-text-editor\" data-id=\"f7af79a\" data-element_type=\"widget\" data-e-type=\"widget\" data-widget_type=\"text-editor.default\">\n\t\t\t\t<div class=\"elementor-widget-container\">\n\t\t\t\t\t\t\t\t\t<ul><li>Inicio<\/li><\/ul>\t\t\t\t\t\t\t\t<\/div>\n\t\t\t\t<\/div>\n\t\t\t\t\t<\/div>\n\t\t<\/div>\n\t\t\t\t\t<\/div>\n\t\t<\/section>\n\t\t\t\t<\/div>\n\t\t","protected":false},"excerpt":{"rendered":"<p>Registro de Cambios Lea nuestros registros de cambio para obtener m\u00e1s informaci\u00f3n&#8230;<\/p>\n","protected":false},"author":1,"featured_media":0,"parent":0,"menu_order":0,"comment_status":"closed","ping_status":"closed","template":"elementor_header_footer","meta":{"_acf_changed":false,"_joinchat":[],"footnotes":""},"class_list":["post-243","page","type-page","status-publish","hentry"],"acf":[],"jetpack_sharing_enabled":true,"_links":{"self":[{"href":"https:\/\/quikbio.com\/2\/wp-json\/wp\/v2\/pages\/243","targetHints":{"allow":["GET"]}}],"collection":[{"href":"https:\/\/quikbio.com\/2\/wp-json\/wp\/v2\/pages"}],"about":[{"href":"https:\/\/quikbio.com\/2\/wp-json\/wp\/v2\/types\/page"}],"author":[{"embeddable":true,"href":"https:\/\/quikbio.com\/2\/wp-json\/wp\/v2\/users\/1"}],"replies":[{"embeddable":true,"href":"https:\/\/quikbio.com\/2\/wp-json\/wp\/v2\/comments?post=243"}],"version-history":[{"count":47,"href":"https:\/\/quikbio.com\/2\/wp-json\/wp\/v2\/pages\/243\/revisions"}],"predecessor-version":[{"id":3409,"href":"https:\/\/quikbio.com\/2\/wp-json\/wp\/v2\/pages\/243\/revisions\/3409"}],"wp:attachment":[{"href":"https:\/\/quikbio.com\/2\/wp-json\/wp\/v2\/media?parent=243"}],"curies":[{"name":"wp","href":"https:\/\/api.w.org\/{rel}","templated":true}]}}